- 3*b + 1. Let c(j) = -10*j**2 - 16*j + 6. Let t(p) = -3*c(p) + 14*i(p). Let f be t(-6). Suppose -f = -4*v - 0. What is the units digit of v?
8
Suppose 4 + 2 = 3*s. Suppose -3*i = -t + 3 - 42, 5*t = -5*i + 45. Suppose 4*c = s*c + i. What is the units digit of c?
6
Suppose 7*s - 2*s = c - 47, 4*c = s + 17. Suppose 0 = -d - d + 38. Let u = d + s. What is the units digit of u?
0
Suppose 3*z - 3 = 2*x, 4*x + 3*z + z = 44. What is the tens digit of ((-176)/(-10))/(x/15)?
4
Suppose 0 = 5*d - 3 + 8. What is the units digit of 4*(d + (2 - -1))?
8
Let s(l) = -l - 4. Let a be s(0). What is the units digit of a/(-2)*(-42)/(-12)?
7
Let u(d) = d**3 + 7*d**2 - d + 2. What is the units digit of u(-5)?
7
Let l(a) = -a**3 - 4*a**2 - 6*a + 5. Let i be l(-5). Suppose 3*z + 5*q - 95 = -2*z, 3*z = -2*q + i. What is the tens digit of z?
2
Let g = -4 + 5. Let o be (-8)/g + -1 + 1. Let j = o + 13. What is the units digit of j?
5
Suppose -20 = 2*n + 2*n. Let s(c) = c + 11. What is the units digit of s(n)?
6
Suppose 11 - 35 = -t. Suppose -3*w - u + t = 0, 2*w - 5 - 11 = u. Suppose 0 = -4*o + 8 + w. What is the units digit of o?
4
Let p(l) = l**2 + l - 14. What is the units digit of p(9)?
6
What is the units digit of 28/7 - (-2)/(-1)?
2
Suppose -2*u = -1 - 5. Let k be (-1 - u)*(-36)/16. What is the units digit of (-2)/k + (-47)/(-9)?
5
Let x(h) = 2*h**2 - 11*h. What is the units digit of x(6)?
6
Let w = 71 - 37. Suppose -h + 3*h = -w. Let l = 27 + h. What is the tens digit of l?
1
Let b(a) = 160*a**2 + 2*a - 2. What is the tens digit of b(1)?
6
Let r(n) = 8*n - 5. What is the units digit of r(7)?
1
Let n be -2*1*(-2)/(-4). Let g be n/(-2) - 22/(-4). Suppose 44 = g*m - 2*m. What is the units digit of m?
1
Let q = 423 - 218. What is the units digit of q?
5
Let t = -3 + 7. Let x = 16 - t. What is the tens digit of x?
1
Let b(l) = 2*l**2 + 2*l - 2. Let k(u) = -u + 2. Let o be k(0). What is the tens digit of b(o)?
1
Let h be 2*(-1 + 5/2). Suppose 2*t + h*t = 20. What is the units digit of t?
4
Let u(y) = y**2 + y + 5. Let j be u(0). Suppose -j*w - 45 = -2*f - 3*f, 0 = -4*f + 3*w + 37. What is the units digit of f?
0
What is the hundreds digit of 255 + -2 - -2 - 12/(-6)?
2
Suppose j + 15 = -4*j. What is the units digit of (92/(-16))/(j/12)?
3
Suppose 2*w + 4*n = -2*w + 16, -5*w - 3*n + 16 = 0. Suppose -d + 4*d - 5*p = 16, 2*p - 16 = -w*d. What is the units digit of d?
7
Let h(l) = 8*l + 6. What is the units digit of h(3)?
0
Let w = 181 + -63. What is the units digit of w?
8
Let r(j) = -j**3 - 3*j**2 - 5*j - 4. Let w(i) = -2*i**2 + 4*i - 3. Let d = 2 - 0. Let f be w(d). What is the tens digit of r(f)?
1
What is the units digit of 2*10*9/6?
0
Let c(a) = -a + 6 - 1 + 0*a. Suppose 0 = -3*n - 0*n. What is the units digit of c(n)?
5
Suppose -5*p - r = -105, p - 8*r = -3*r - 5. What is the units digit of (0 + -4)/((-8)/p)?
0
Let k = 37 + 102. What is the hundreds digit of k?
1
Let n(y) = 7*y + 6. What is the units digit of n(8)?
2
Suppose -768 = -2*m - m. What is the tens digit of 10/(-35) - m/(-14)?
1
Suppose -4*t = -2*i - t - 6, -5*t + 14 = -2*i. Suppose 4*w - 1 = i. What is the units digit of w/3*(15 + 0)?
5
Let z = -38 - -39. What is the units digit of z?
1
Suppose -3*h + 5*h = 8. Suppose 0 = -3*n - 2*v + 51, -13 = h*n - 5*v - 58. What is the units digit of n?
5
Suppose 3*j + p = 3*p + 28, -j - 3*p = 9. Suppose -2*k - j = 3*v, 3*k + 6 = -5*v - 4. Let b = 3 - k. What is the units digit of b?
3
Let f(z) = -9*z - 90. What is the hundreds digit of f(-29)?
1
Suppose -5*s - 2 + 17 = 0, 57 = 3*a + 4*s. Suppose -4*p = p + 45. What is the units digit of 4/(-6) - a/p?
1
Suppose -2*j + 184 = -64. What is the hundreds digit of j?
1
Let k(v) = -v - 3. Let r = 3 - -10. Suppose -4*l = -3*f - r, 0*l + 2*l = -f - 11. What is the units digit of k(f)?
4
Let g = 103 + -58. What is the units digit of g?
5
What is the tens digit of (114/(-15))/((-3)/15)?
3
Suppose 24 = -w + 5*w. Suppose -s = 2*s - w. Suppose 2*p - s*y - 9 - 11 = 0, p = 3*y + 4. What is the tens digit of p?
1
Let n be ((-6)/(-9))/(1/3). Suppose g - r + 3 = 0, -3*g - 6 = -0*g - n*r. Suppose 0*i + i - 19 = -2*l, 2*l + 4*i - 16 = g. What is the units digit of l?
0
Let w be 6*2/8*2. Suppose w*s = 2*s + 34. What is the units digit of s?
4
Suppose 0*r = 5*r - 170. What is the tens digit of r?
3
Suppose -4*x - 152 = 16. Let c be (-46)/(-1)*(-3)/6. Let r = c - x. What is the tens digit of r?
1
Suppose -2*d - 4*m = m - 79, -2*m = -5*d + 125. What is the units digit of d?
7
Suppose 236 = 3*d - 100. What is the units digit of d?
2
What is the units digit of 18/15*(-40)/(-6)?
8
Let a(i) = 2*i**2 - 4*i + 3*i - 5*i. Let f = 13 + -9. What is the units digit of a(f)?
8
Suppose a + 4*a - 11 = u, 4*u = -4. Let n = -3 + 19. Suppose 0 = a*p - 2 - n. What is the units digit of p?
9
Let s = 4 + -13. What is the units digit of s/6*94/(-3)?
7
What is the units digit of (2*-1)/(7 + -8)?
2
Suppose k - 3*k + 54 = -2*z, -3*k + 67 = 4*z. Suppose -8 + k = v. What is the units digit of v?
7
Let f be (-51)/(-12) + 1/(-4). Let g(n) = 8 + 5*n - f*n - 4. What is the units digit of g(0)?
4
Suppose 299 = 6*j + 47. What is the tens digit of j?
4
Let s(f) = -f**3 - 9*f**2 - f + 9. Let w be s(-9). Let z = w + -9. What is the units digit of z?
9
Suppose -318 = -12*w + 42. What is the units digit of w?
0
Suppose -2*x - 109 = -325. What is the hundreds digit of x?
1
Let i be ((-7)/(-5) - 2)*-5. What is the units digit of -8*(0 + i/(-6))?
4
Suppose -b = -7 - 23. Suppose -5*f - 3*j + b = 0, 4*f - 3*f + 4*j = 23. What is the units digit of (2/6)/(f/18)?
2
Let p be 4 + (3 - (3 - -1)). Suppose -2*n + 106 = p*u - 0*u, -4*n + 148 = 4*u. What is the units digit of u?
2
Suppose j = 4 - 0. Suppose -3*i + 16 = 2*s, 0*i + j*s = i + 4. What is the units digit of i?
4
Let q be (-4)/3*(-3)/2. Let x be ((0/1)/q)/2. Suppose 44 = 4*u - x*u. What is the tens digit of u?
1
Suppose -2*q = 3*q - 40. Suppose 5*c - 15 - 40 = 0. Suppose -3*h - 4*x = -2*h + c, -x = -5*h + q. What is the units digit of h?
1
Suppose -5*p - 4 - 107 = -3*z, -p + 171 = 4*z. What is the tens digit of z?
4
Suppose 5*h + 3*n = 64, -3*h - 5*n = -0*h - 48. Let j(w) = -w**3 + 4*w**2 - 4*w + 4. Let o be j(3). Let a = h - o. What is the tens digit of a?
1
Let w be 3/((-18)/4)*9. Let r = -2 + 10. Let l = r + w. What is the units digit of l?
2
Suppose 3*r - 307 = -4*v, -v - 3*r + 94 = -8*r. What is the units digit of v?
9
Let j be 4/12 - 7/3. Let r(p) = 4*p**2 + 2*p + 2. What is the units digit of r(j)?
4
Let k(y) = 0 + 2*y**2 - 8*y + 3 - 5*y**2 + y**3 - 4*y**2. What is the units digit of k(8)?
3
Suppose 30 = m + m. Let v be 40/m + (-1)/(-3). Suppose -2*s - 2*g - v*g + 16 = 0, 8 = 4*g. What is the units digit of s?
3
Suppose 0 = -10*w + 1962 - 562. What is the tens digit of w?
4
Let r(j) = 5*j**2 + 2*j - 2. What is the units digit of r(2)?
2
Let l(x) = x**3 - 8*x**2 + 6*x + 4. Let q be l(7). What is the units digit of -3*-2*(-2)/q?
4
Let r = -11 - -18. Let s be 2/r + (-38)/(-14). What is the units digit of -3*-1*7/s?
7
Suppose 5*a - a = 20, -2*a = -5*d + 520. What is the hundreds digit of d?
1
Suppose -5*c + 37 = 2*t - 3, 3*t = 0. What is the units digit of (0 - 3)*c/(-3)?
8
Let r = -3 + 6. Let z be 8 + (0 - (-6)/r). Let s = -2 + z. What is the units digit of s?
8
Let m(k) = k**3 - 7*k**2 + 5*k - 2. Let u be m(6). What is the units digit of 43/9 - u/36?
5
Let w(j) = -j**3 + 6*j**2 - 3*j - 5. Let k be w(5). Let l be (-4 - -2) + (0 - -7). Suppose k = -0*r + l*r. What is the units digit of r?
1
Let v(d) = d**3 + 10*d**2 + 7*d - 13. Let w be -7 + -5 + (-12)/(-4). What is the units digit of v(w)?
5
Suppose -3*h = 6, 5*s - 66 = -0*h + 3*h. Let w be 8/6 - 4/(-6). What is the tens digit of (10/4)/(w/s)?
1
Let i(j) = -5*j - 1. What is the units digit of i(-2)?
9
Let m = 14 - 11. Suppose -m*d + 11 = 2*q - 9, 2*d = 4. What is the units digit of q?
7
Let u = 854 + -607. What is the hundreds digit of u?
2
Let a(j) = 0 + 5 + 4 - j + 3. What is the units digit of a(7)?
5
Let f = 241 + -139. What is the units digit of f?
2
Suppose 29 + 1535 = 4*o. What is the tens digit of o?
9
Suppose 10*k - 633 = 1217. What is the units digit of k?
5
Let t(w) = w**2 + 9*w + 1. Let b be t(-9). What is the units digit of 0 + 2 + b + 0?
3
Suppose d = 5*p - 39 - 